 3, 47, 1777
What are the prime factors of 11050635?
3, 5, 443, 1663
List the prime factors of 1178721.
3, 130969
List the prime factors of 418110.
2, 3, 5, 7, 11, 181
List the prime factors of 6970181.
607, 11483
What are the prime factors of 65334?
2, 3, 10889
What are the prime factors of 65999?
31, 2129
List the prime factors of 1011022.
2, 505511
What are the prime factors of 1962377?
19, 179, 577
List the prime factors of 322914.
2, 3, 53819
List the prime factors of 99795.
3, 5, 6653
What are the prime factors of 2470548?
2, 3, 205879
What are the prime factors of 11620878?
2, 3, 1936813
What are the prime factors of 3705361?
11, 19, 17729
List the prime factors of 8470059.
3, 13, 29, 7489
List the prime factors of 1517538.
2, 3, 11, 22993
List the prime factors of 441823.
61, 7243
List the prime factors of 1933038.
2, 3, 35797
List the prime factors of 2293877.
2293877
What are the prime factors of 2168881?
11, 13, 29, 523
What are the prime factors of 268531?
268531
What are the prime factors of 1073119?
173, 6203
What are the prime factors of 46902?
2, 3, 7817
List the prime factors of 1184308.
2, 19, 15583
What are the prime factors of 2518512?
2, 3, 71, 739
List the prime factors of 2216196.
2, 3, 61561
List the prime factors of 672353.
11, 19, 3217
List the prime factors of 3571387.
41, 87107
List the prime factors of 484200.
2, 3, 5, 269
List the prime factors of 1649757.
3, 79, 6961
List the prime factors of 919175.
5, 36767
What are the prime factors of 29755070?
2, 5, 2975507
What are the prime factors of 7167627?
3, 43, 18521
List the prime factors of 481447.
481447
What are the prime factors of 1379217?
3, 7, 65677
What are the prime factors of 2703052?
2, 11, 23, 2671
List the prime factors of 7705419.
3, 2568473
What are the prime factors of 10071869?
31, 569, 571
List the prime factors of 279803.
17, 109, 151
What are the prime factors of 411588?
2, 3, 37, 103
List the prime factors of 202659.
3, 43, 1571
List the prime factors of 1625913.
3, 6691
List the prime factors of 6391147.
7, 313, 2917
What are the prime factors of 59039?
43, 1373
What are the prime factors of 340589?
421, 809
List the prime factors of 1010810.
2, 5, 101081
What are the prime factors of 743915?
5, 148783
What are the prime factors of 290169?
3, 11, 977
List the prime factors of 419170.
2, 5, 167, 251
What are the prime factors of 13488?
2, 3, 281
What are the prime factors of 253450?
2, 5, 37, 137
List the prime factors of 1194775.
5, 47791
What are the prime factors of 5275974?
2, 3, 11, 79939
List the prime factors of 18275.
5, 17, 43
List the prime factors of 632420.
2, 5, 103, 307
What are the prime factors of 1968639?
3, 23, 103, 277
What are the prime factors of 32300?
2, 5, 17, 19
What are the prime factors of 288309?
3, 7, 13729
What are the prime factors of 183418?
2, 293, 313
What are the prime factors of 10476773?
10476773
List the prime factors of 1475023.
11, 134093
What are the prime factors of 925243?
11, 19, 233
What are the prime factors of 2983150?
2, 5, 59663
List the prime factors of 3728081.
7, 67, 7949
List the prime factors of 9233576.
2, 11, 317, 331
List the prime factors of 677198.
2, 19, 71, 251
What are the prime factors of 2732744?
2, 7, 48799
What are the prime factors of 1245425?
5, 31, 1607
What are the prime factors of 6787596?
2, 3, 59, 9587
What are the prime factors of 3784761?
3, 17, 29, 853
List the prime factors of 15815690.
2, 5, 11, 143779
What are the prime factors of 5066788?
2, 47, 26951
List the prime factors of 219392.
2, 857
List the prime factors of 10792032.
2, 3, 79, 1423
List the prime factors of 2565979.
13, 197383
What are the prime factors of 2709863?
13, 149, 1399
What are the prime factors of 475639?
475639
List the prime factors of 1076444.
2, 31, 8681
List the prime factors of 821274.
2, 3, 136879
List the prime factors of 27028.
2, 29, 233
What are the prime factors of 24414?
2, 3, 13, 313
What are the prime factors of 35649867?
3, 11, 17, 53, 109
What are the prime factors of 10593538?
2, 5296769
List the prime factors of 1734290.
2, 5, 173429
What are the prime factors of 5880686?
2, 7, 23, 2609
What are the prime factors of 251935?
5, 50387
What are the prime factors of 6108719?
457, 13367
What are the prime factors of 531463?
97, 5479
What are the prime factors of 81255?
3, 5, 5417
List the prime factors of 148045.
5, 29, 1021
What are the prime factors of 5938094?
2, 23, 129089
What are the prime factors of 2852276?
2, 7, 23, 43, 103
What are the prime factors of 568585?
5, 113717
List the prime factors of 16749242.
2, 103, 81307
What are the prime factors of 2392225?
5, 11, 8699
What are the prime factors of 4142080?
2, 5, 809
What are the prime factors of 30495?
3, 5, 19, 107
List the prime factors of 15290287.
37, 413251
List the prime factors of 583015.
5, 17, 19
List the prime factors of 3502458.
2, 3, 194581
List the prime factors of 2145477.
3, 715159
What are the prime factors of 5547508?
2, 17, 23, 3547
What are the prime factors of 5192471?
2203, 2357
List the prime factors of 15505811.
83, 127, 1471
List the prime factors of 403192.
2, 101, 499
What are the prime factors of 889858?
2, 444929
List the prime factors of 160892.
2, 19, 29, 73
What are the prime factors of 9155270?
2, 5, 915527
What are the prime factors of 583347?
3, 337, 577
What are the prime factors of 787485?
3, 5, 47, 1117
What are the prime factors of 179893?
7, 31, 829
List the prime factors of 275643.
3, 41, 83
List the prime factors of 151864.
2, 41, 463
List the prime factors of 4104639.
3, 7, 11, 5923
What are the prime factors of 1944338?
2, 11, 88379
What are the prime factors of 1793563?
23, 29, 2689
What are the prime factors of 130599?
3, 7, 691
List the prime factors of 2572812.
2, 3, 11, 73, 89
What are the prime factors of 4533702?
2, 3, 755617
What are the prime factors of 9226?
2, 7, 659
List the prime factors of 2597317.
1259, 2063
What are the prime factors of 133698?
2, 3, 22283
List the prime factors of 392615.
5, 17, 31, 149
What are the prime factors of 738695?
5, 147739
List the prime factors of 163701.
3, 43, 47
What are the prime factors of 18108830?
2, 5, 89, 20347
List the prime factors of 1609128.
2, 3, 22349
List the prime factors of 7424087.
11, 17, 29, 37
What are the prime factors of 13675607?
11, 37, 33601
List the prime factors of 738384.
2, 3, 15383
List the prime factors of 885493.
7, 126499
List the prime factors of 32722.
2, 16361
What are the prime factors of 552457?
113, 4889
List the prime factors of 976058.
2, 139, 3511
What are the prime factors of 1122905?
5, 7, 32083
List the prime factors of 19394390.
2, 5, 1939439
What are the prime factors of 127203?
3, 109, 389
What are the prime factors of 188551?
11, 61, 281
What are the prime factors of 878127?
3, 292709
List the prime factors of 82415.
5, 53, 311
List the prime factors of 315451.
315451
What are the prime factors of 3674397?
3, 17, 72047
List the prime factors of 957689.
353, 2713
List the prime factors of 23747.
23747
List the prime factors of 140828.
2, 17, 19, 109
List the prime factors of 297883.
89, 3347
List the prime factors of 323156.
2, 80789
List the prime factors of 14479413.
3, 13, 28559
List the prime factors of 2877273.
3, 7, 109, 419
List the prime factors of 192482.
2, 157, 613
List the prime factors of 1476170.
2, 5, 147617
What are the prime factors of 1135672?
2, 141959
List the prime factors of 10483005.
3, 5, 13, 53759
What are the prime factors of 511434?
2, 3, 7, 11, 41
List the prime factors of 238460.
2, 5, 11923
What are the prime factors of 5354821?
29, 184649
What are the prime factors of 3191327?
3191327
List the prime factors of 1230806.
2, 615403
What are the prime factors of 137544?
2, 3, 11, 521
List the prime factors of 123416.
2, 15427
What are the prime factors of 1329401?
1087, 1223
List the prime factors of 194079.
3, 64693
What are the prime factors of 1151604?
2, 3, 10663
What are the prime factors of 1198308?
2, 3, 99859
What are the prime factors of 7099483?
19, 373657
What are the prime factors of 39313?
39313
List the prime factors of 31033805.
5, 11, 564251
List the prime factors of 2069801.
17, 109, 1117
What are the prime factors of 134705?
5, 29, 929
